4 + 1)?
-3
Evaluate 1 + 6 + (-8 - -6).
5
What is the value of 0 + 8 + -247 + 234?
-5
What is (-75 - -75) + (1 - 6)?
-5
What is -7 + 4 + (8 - -1)?
6
(2 - -1) + 2 + -9 + -1
-5
What is 11 + (-6 - (-4 - 0)) + -4?
5
Evaluate 0 - -3 - (5 - -12 - 9).
-5
What is -3 - (-9 + -3 + 5)?
4
Evaluate 5 + -14 + (8 - 4 - 0).
-5
77 + -72 + -2 + -2
1
Evaluate 7 + (-11 - (-8 - 2)).
6
What is the value of -6 - (6 + -5) - -7?
0
-3 - (-1 + -1 + 3 - 5)
1
What is the value of -4 + (-5 - -14) + -6?
-1
Calculate -2 + 2 + -9 + 6 + -5.
-8
40 + -52 + -1 + 24
11
What is -1 + (5 - (7 + (-5 - -1)))?
1
Evaluate -3 + -3 + 7 + -4.
-3
What is the value of -10 + (-1 - 1) + 4 + 3?
-5
What is 1 + 4 + 0 + 18 + -23?
0
What is the value of -10 - -9 - -11 - 9?
1
What is -10 - -1 - (-3 + -2)?
-4
What is -58 - -77 - (14 + -2)?
7
Calculate (-9 - -7 - -6) + -2.
2
Calculate -5 + 0 - (7 + -12).
0
17 + -8 + -13 + (0 - -2)
-2
Evaluate (-4 - (-10 - 0)) + -3.
3
What is 0 - (-3 - -12 - 6) - -10?
7
3 - (5 - (4 - 2))
0
What is (3 - -2) + -2 + -8?
-5
What is the value of 0 - (0 + -3 + 0)?
3
Evaluate (-4 - -5) + -8 + 4.
-3
What is 19 - 22 - (4 - 0 - 10)?
3
Evaluate -30 + 24 - (-8 + 1).
1
What is (6 - (3 - -19) - -4) + 8?
-4
What is -10 + -2 + 6 + (1 - -1)?
-4
Calculate 0 - -3 - (1 + 2).
0
Calculate (-5 - -2) + (8 + 3 - 0).
8
What is the value of -3 + (-8 - (-1 + 0 - 4))?
-6
Evaluate 7 + -15 + 12 + -3.
1
What is (5 - (-3 + 5)) + (0 - 0)?
3
Evaluate 1 - ((-1 - 2) + 1) - -2.
5
Calculate 1 - (-6 + (-5 - -10)) - 2.
0
What is the value of -5 + (-2 - -2 - 0)?
-5
Calculate -4 - (1 + -5 - (-1 + 4)).
3
What is (-8 - -9 - (-1 - 0)) + -4?
-2
Calculate 2 + -4 + 7 + -6 + 0.
-1
Evaluate -5 - (4 - (-5 - -10) - 5).
1
Evaluate -1 + 3 + (-2 - (-2 - -1)).
1
Evaluate (-8 - -1) + 3 + (2 - 0).
-2
(3 - -1) + (-1 - 1) - 1
1
Evaluate (6 + -7 - 1 - -4) + 1.
3
Calculate 3 + -4 + (-1 - 2) - 1.
-5
What is the value of -4 - ((3 - 4) + -3)?
0
1 + -1 + 87 + -88
-1
Calculate -9 + (3 - 0) + 6.
0
-1 - (-1 + -3 + 6) - -3
0
Evaluate 3 + 2 - (-7 + 7).
5
Calculate -7 + -1 + -82 + 85.
-5
What is the value of 5 + -5 - -3 - -3?
6
Calculate 14 + -3 + -5 + -3.
3
What is 40 + -37 - (1 + 0 + 3)?
-1
-11 + (6 - 14) - -12
-7
Evaluate -1 - (2 - (3 - -1 - 0)).
1
Evaluate -1 + -5 + 5 + (-2 - -1).
-2
(9 - 7 - (-2 + 0)) + -1
3
Calculate -3 - -6 - (4 - -1).
-2
What is the value of (-6 - -8) + (3 - (1 + 2))?
2
What is 1 + 0 - (1 + (13 - 17))?
4
Calculate 3 + (-7 - -20) + -13.
3
Calculate -2 - (-5 - -8 - (-2 + 2)).
-5
What is the value of -3 + (10 - -1) - 3?
5
Calculate (17 - 18) + -2 + -2.
-5
Evaluate -1 - 3 - (0 - (10 - 11)).
-5
(68 - 63) + -3 + 0
2
Calculate 1 + -5 + 8 - 4.
0
Calculate 3 + 3 + -2 + -2 + 2.
4
Calculate (2 - 2 - 2) + (1 - 0).
-1
What is 7 + 7 + -15 + -6?
-7
-1 + -1 + -32 + 38
4
Calculate -3 + 3 - (2 + -7 - -1).
4
What is the value of (4 - 2 - 9) + 8?
1
What is the value of (0 - 4) + (-8 - -17) + -4?
1
What is the value of 14 - 6 - 20 - (-1 - 5)?
-6
3 + -6 + 0 - (0 - 0)
-3
Calculate 0 - 3 - -2 - -3.
2
Evaluate 2 + (-4 - (-2 + -4)).
4
(4 - 15) + (-1 - -7)
-5
(-26 - (-8 + -3)) + 13
-2
(2 - 5 - 4) + 6 - -6
5
Evaluate -5 + 5 - 7 - -2.
-5
What is (2 - (-3 - -4)) + (-1 - 0)?
0
What is the value of -1 - ((-11 - -11) + -8)?
7
Calculate -7 - (0 + -6 - (-37 + 30)).
-8
What is the value of -1 - (2 - (5 + -2) - 2)?
2
4 - (0 + (3 - 3) + -4)
8
Calculate 1 - -1 - (-1 + 2 - -4).
-3
What is -11 + -1 + 10 + (2 - -5)?
5
What is the value of -1 + 10 + 0 - 4?
5
What is 1 - (7 + -12 - -7)?
-1
Calculate -3 + 6 + -7 - -4.
0
-5 - (-2 + (-5 - -7))
-5
-4 - (-7 - (8 + (-15 - -3)))
-1
What is 11 - (2 + 7 + 1 + -4)?
5
(-15 - -11 - (-5 + -1)) + 0
2
What is the value of 1 - 0 - 4 - (-29 - -27)?
-1
-2 - (-1 + (-14 - -8))
5
What is the value of -4 - (0 + -2 - -2)?
-4
Calculate 3 + (-14 - 0) + 6 + -1.
-6
What is the value of -1 + 4 - (-2 - 0 - 0)?
5
What is 1 - (-6 - (-3 - 0))?
4
Evaluate (1 - (2 + 2)) + 0.
-3
Evaluate 2 + 4 + (-2 - 3 - 7).
-6
Calculate (19 - 18) + (-5 - (3 - 5)).
-2
Calculate 4 + 2 + 12 + -14.
4
Evaluate -7 + (6 - 3) - (1 + 1).
-6
Evaluate (-4 - -7) + (-1 - 1).
1
What is -7 + 2 + 3 - -1?
-1
Calculate (-12 - -9 - 1) + 12.
8
Calculate 1 + (-3 - -2) - (4 + 0).
-4
-4 - 0 - (1 - (-1 + 2))
-4
What is the value of (1 + (-1 - -4) - 1) + 2?
5
2 - 3 - (-7 + 5)
1
What is the value of -6 - ((-9 - (0 + -2)) + 4)?
-3
2 + (-5 - -5 - 8) + 6
0
What is the value of -1 + 2 + 8 + (-3 - 4)?
2
What is (6 - 5) + 5 + -1?
5
-1 - (41 - 45 - (-8 - -1))
-4
Evaluate -9 + (0 - -11) + -5 + 0.
-3
What is the value of -9 - (1 + (-4 - 3) + 2)?
-5
What is the value of (-11 + 24 - 15) + -1 + -2?
-5
Calculate (-4 - -7) + -12 + 8.
-1
What is the value of 10 + -7 + 3 + (-6 - -1)?
1
Evaluate (-3 + -1 - -1) + -5.
-8
(6 - -14) + -9 + -5
6
Calculate 5 + -3 + -2 + 1.
1
Calculate 2 + (-3 - -2) + -1.
0
What is 4 + -3 + -1 + 2?
2
-15 + 19 + (-2 - 5)
-3
What is the value of -7 + (1 - 1) - (-12 + 8)?
-3
-3 + (-1 - -5 - 4 - -4)
1
What is the value of -5 - (2 - 2) - (-48 + 46)?
-3
What is the value of (-1 - -4 - (19 + -10)) + 8?
2
What is the value of -4 - 0 - (10 + (-5 - 9))?
0
What is 17 + -12 - (4 - -2)?
-1
What is (-14 - -8) + -1 + (-1 - -14)?
6
Evaluate 4 + -2 + 1 - -1 - 9.
-5
1 + 2 - (-19 + 23)
-1
Evaluate -6 + 2 - (2 + -6).
0
What is the value of (-93 - -106) + -6 + -1?
6
Evaluate 3 - (12 - 10) - -3.
4
Calculate -4 - (-11 + 1 - -2).
4
1 + -2 + 6 + -3 + -1
1
Evaluate 0 + 1 + (26 - 35).
-8
Calculate -8 + (-1 - -9) - -6.
6
Evaluate (-6 - -2) + (-10 + 7 - -2).
-5
What is the value of -1 + (1 - 2 - -6) + 4?
8
What is the value of 7 - (7 + -7 + 4)?
3
10 + (-19 - -10) + -1
0
-1 + 2 + 2 + -11
-8
Evaluate -2 + -2 + 2 + 6 + -5.
-1
(4 - -1) + (5 - 8)
2
Evaluate 17 + -11 + (-7 - -2) - 4.
-3
(-13 - -8) + 8 + 2
5
What is the value of (9 - 15 - -24) + -14?
4
What is (-5 - -3) + (4 - (3 + -4))?
3
(-4 - -8) + -3 + 3
4
What is the value of -7 + (-4 - 12 - -14)?
-9
-3 + 5 + (-14 - -7) - -7
2
What is -14 + -1 + (1 - 8 - -15)?
-7
-5 + 5 - (0 - 1 - 2)
3
What is (-6 - 0 - (14 + -18)) + -3?
-5
What is -2 - (1 + -5 + -2 + 2)?
2
-6 + (-16 - (-25 - -13))
-10
Calculate -1 + 0 + -2 + -7 + 5.
-5
Evaluate (2 - 4) + 4 + (-1 - 0).
1
What is -4 + -1 + (5 - 8)?
-8
8 - ((3 - (-8 - -1)) + 5)
-7
What is (2 - -1) + -13 + -7 + 7?
-10
Evaluate 10 - (1 + -3 + 0 - -7).
5
What is the value of 11 + -14 - (1 - (-3 - -10))?
3
-3 + -2 + (2 - -2 - 4)
-5
Calculate (-1 - -2) + (-1 - 0).
0
-2 + 0 - (-12 - -12) - -1
-1
Evaluate 2 + (2 - 0 - 8).
-4
Evaluate -3 + (-7 - -2 - -4).
-4
Calculate (-12 - -11) + 4 + 0 + -2.
1
What is the value of -1 - (6 - 1) - -3?
-3
Calculate -4 + (14 - 13 - 7).
-10
What is -2 + (0 - 2 - (-2 + 1))?
-3
Calculate -2 + (-5 - -15) + 0.
8
Evaluate -8 - (-3 - (10 - 7)).
-2
Calculate 3 + -4 + -6 + 3 + -3.
-7
Evaluate (-12 - -9 - (6 - 0)) + 0.
-9
Evaluate 2 - (0 - -3 - 1) - -1.
1
(-3 - (6 + -6)) + -1
-4
What is -5 + 3 + -3 + 0?
-5
Calculate -1 + 2 + -3 + 4 - 0.
2
What is the value of -1 + -15 + 9 - -9?
2
0 + 3 + (6 - -2) + -7
4
What is the value of 0 - -5 - (18 - -6 - 11)?
-8
Calculate -18 + 25 - (2 - -1).
4
Calculate -1 + 4 + (2 - (5 - 0)).
0
(2 - (3 + -3)) + 0 + -4
-2
What is the value of 12 - ((4 - 1) + 5)?
4
(-1 - -1) + -1 + -4
-5
What is (-1 - -3) + (-9 - -8)?
1
What is -4 + -2 + (1 - -3)?
-2
-1 + (7 - 14) + -1 + -1
-10
Evaluate (3 - 8) + (6 + 0 - 2).
-1
What is -1 + -2 + (27 - 30)?
-6
Calculate -14 + (-9 - -6) + 12.
-5
Evaluate 3 - (-1 + 2 + (1 - 4)).
5
Evaluate 0 + 4 - (12 - 3).
-5
2 + -2 + -5 + 3 - -4
2
-5 - (-2 + -14) - 6 - 10
-5
What is the value of 1 + -2 + 2 - (3 + 0)?
-2
What is the value of -5 + (4 - 1) + 3 - -4?
5
What is the value of 7 + -10 + (4 - -3)?
4
Evaluate 3 + (-2 - (4 - 3)).
0
What is 7 + -3 + 2 + -8?
-2
What is 0 + -1 - (1 - 3)?
1
Evaluate (0 - -7 - 5) + -1.
1
What is the value of -5 + 2 + 3 + -5 + -1?
-6
What is the value of (5 - (-2 + 5)) + -7 + 2?
-3
Evaluate (-3 - -1) + 6 + -1.
3
What is 4 + 1 - (3 + -2)?
4
What is -2 - (2 - (2 - -1))?
-1
Evaluate 3 + (1 - 8) + 3.
-1
7 - 1 - 10 - (-4 + 0)
0
Evaluate -2 + (2 - (-3 + 4 - 2)).
1
What is the value of 4 - (-4 + (-1 - -6))?
3
Calculate 1 - (-3 + (4 - 3)).
3
Calculate -3 + 9 - 3 - (30 + -23).
-4
What is 9 - (-8 + 6 + 7)?
4
Evaluate -7 - -4 - -9 - 2.
4
What is (-3 - -21 - (1 - -6)) + -7?
4
What is the value of -6 - (3 - (4 + 0)) - 0?
-5
Evaluate (0 - 0) + 1 +